te number?
False
Suppose 5*h = 4*f + 14 + 24, 5*f + 34 = 4*h. Suppose q = 4*q - h. Is q/(-8)*1*-1172 a composite number?
False
Let d(x) = 110 - 119 - 3*x**2 + 7*x - 4*x**3 - 2*x**3 + 0*x**3. Is d(-5) prime?
True
Suppose 0 = -3*p + 46 + 119. Let l be 62/(-22) + (-10)/p. Is 97 - ((l - 0) + 3) prime?
True
Let b(o) be the third derivative of 1411*o**5/60 + o**4/24 - o**3/6 - 3*o**2 - 2. Is b(1) a composite number?
True
Suppose a + h = -a + 3, 3*a = 5*h + 11. Suppose 5*i - 3*o - 5565 = -o, -a*i = -o - 2227. Is i prime?
False
Let m = 7 + 0. Let u(y) = 2*y**2 + 7*y + 9. Let o be u(m). Let b = 371 - o. Is b composite?
True
Let p be (-1848)/(-16)*(-328)/(-6). Is (-20)/50 + p/10 prime?
True
Let c be 3 - ((-8)/2 + -1216). Suppose -v = 4*v + d - 3071, 2*v - c = 5*d. Is v prime?
False
Suppose -17 = -5*m + 28. Is 1415/m + 2/(-9) prime?
True
Suppose -5*r = -26 - 39. Let u = -17 + r. Let p(i) = -21*i - 2. Is p(u) prime?
False
Is 2/(-1) - (-13046)/(3 + -1) prime?
True
Is (53480/(-16) + -2)*-2 composite?
False
Let s = 18 + -15. Let d = 2 + -2. Suppose 0 = -3*i - s*n + 384, -2*i + 5*n = -d*i - 249. Is i prime?
True
Let a(r) = -r**2 - 7*r - 6. Let d be a(-5). Suppose -d*m = -7*m + 9. Suppose 5*o + 3*q - 344 = 0, 0 = m*q - 0*q - 9. Is o composite?
False
Suppose 64528 = 4*r + 3*d, r + 4*d - 48403 = -2*r. Is r a composite number?
True
Suppose -2*r + 3*g + 5077 = 0, 4*r + 5*g = 4256 + 5843. Is r composite?
False
Let s(a) = -a. Let v be s(-4). Let m = v + -1. Suppose -g = 3*g + m*j - 505, 126 = g + j. Is g prime?
True
Let x = -14 + 5. Let v(d) = 4*d + 20. Let t be v(x). Let l(m) = -m**3 - 16*m**2 - m - 5. Is l(t) prime?
True
Suppose -p + 0*o = -3*o - 1823, 3*p - 3*o - 5469 = 0. Is p composite?
False
Suppose 7*i = 3*q + 3*i - 18, 36 = 3*q + 2*i. Suppose q*f - 14*f + 1448 = 0. Let s = -139 + f. Is s prime?
True
Suppose 4*w - 2483 = -k, -5*k + 8*k = -2*w + 7499. Is k composite?
False
Let d = -29 + 100. Suppose 0 = -2*n - 0*n + 4. Suppose -4*p = -5*f - d, 2 = -5*p + n*f + 78. Is p prime?
False
Suppose 120863 - 34228 = 5*d. Is d prime?
True
Let a = -10 + 13. Let c be 0 - ((-114)/a + 4). Suppose -5*g + c = u, -u = 5*g - 4*g - 22. Is u composite?
False
Suppose -9*s + 44930 = -4*s + 2*j, -4*s - 4*j + 35944 = 0. Is s a prime number?
False
Let g(h) = 1799*h + 198. Is g(5) prime?
False
Let g(m) = m**3 - m**2 + 2*m. Let r be g(10). Suppose -f + 739 + r = 0. Is (f/9)/(2/6) a composite number?
True
Suppose -4*j - 3*x = j + 2, -3*x - 14 = -j. Suppose j*f - 62 = 124. Is f prime?
False
Suppose 2*i = 4*i - 4. Suppose -f + i*f - 157 = 0. Is f a prime number?
True
Let s(n) = -464*n + 383. Is s(-16) composite?
True
Is (318/(-8))/(30646/7672 - 4) composite?
True
Is (-153179)/26*2*-1 a composite number?
False
Let v be 3 - (1 + 90 + 2). Let g = 143 + v. Suppose -s = -h + g, -2*s + 0*s + 10 = 0. Is h a composite number?
True
Let w(k) = 135*k**2 - 8*k - 5. Let q(v) = -34*v**2 + 2*v + 1. Let x(a) = -9*q(a) - 2*w(a). Is x(1) a composite number?
True
Let j(p) = 186*p - 42. Let w be j(4). Suppose -w = -14*n + 1174. Is n composite?
True
Let u = -3685 - -5997. Suppose -4*o + 3*v = -665 - u, 5*v - 3730 = -5*o. Is o a prime number?
False
Let f(p) = -p**3 - 7*p**2 + 10*p + 2. Let k be (4/4)/1*-8. Let y be f(k). Is (-132)/(-2) - (-17 - y) prime?
False
Let k be (-6)/(-9) - (-5406)/18. Suppose -4*o - 4*b + 728 = 0, -2*o - 3*b + 60 = -k. Is o prime?
False
Let v(c) = 23*c**2 - 3*c - 127. Is v(-10) composite?
False
Let c = 5256 + 1625. Is c composite?
True
Let g = 57 - 38. Let c = g + -10. Suppose -2*s - c = -47. Is s composite?
False
Let x = -132 - -130. Let t(n) = -62*n**3 + n**2 + 9*n + 17. Is t(x) a composite number?
False
Let t(c) = 627*c**3 + c**2 - 2*c + 1. Let x be t(1). Let y be (1/3)/(1/x). Let a = 358 - y. Is a composite?
False
Suppose c + 15 = 19. Suppose 0 = -c*z + 2*m + 4440, 4*z + 4*m - 4449 + 21 = 0. Is z composite?
False
Let l(p) = 26*p**3 + 32*p**2 - 2*p + 29. Is l(13) prime?
True
Let f(d) = 10*d + 6. Let z(u) = 9*u + 7. Let s(l) = 6*f(l) - 7*z(l). Let h be s(-6). Suppose -4*g + 5*m = -h*g + 131, 2*m = -2*g + 262. Is g prime?
True
Suppose -9*d + 112498 = 36295. Is d a prime number?
True
Suppose -2*f - 54 = 22. Let p be f/(-7) + 4/7. Is ((-2202)/9)/((-4)/p) a prime number?
True
Let q(t) = t**2 + 2*t - 3. Let s be q(-7). Suppose -i = s - 18. Let l = 11 - i. Is l composite?
True
Let i = -8096 - -49467. Is i prime?
False
Suppose 2*b - 30 = -2*v, -2*b - b + 5*v + 5 = 0. Let g(z) = z**3 + 15*z - 11. Is g(b) a prime number?
False
Is ((-1292603)/39)/(-2 - 20/(-12)) prime?
True
Let t(v) = 24*v**2 - 2*v - 1. Let u(n) = n**2 - 22*n - 2*n**3 + 1 + 39*n - 15*n. Let d be u(-1). Is t(d) a composite number?
True
Let l be ((-3740)/16)/((-1)/12). Suppose 1960 + l = 5*w. Is w composite?
False
Let d(b) = 26*b - 8. Let o be 30*(-3 + 68/20). Let m be d(o). Suppose -575 = -3*u + m. Is u prime?
True
Is (15/(-6))/((-1)/(-2)) - -3070 prime?
False
Let d = -7 - -14. Suppose 22 - d = 5*g. Is g + 100/(-1 + 3) a prime number?
True
Suppose -32*y - 3016 = -40*y. Is y a composite number?
True
Let t = 14 + -11. Suppose -t*m + 4*m - 625 = 0. Let d = m + -414. Is d a prime number?
True
Let w = 6 + -11. Let f(z) = 18*z**2 + 6*z - 3. Is f(w) prime?
False
Suppose 2*k = 5*k - 387. Let b = k - 744. Let n = b - -1034. Is n a prime number?
True
Let m(v) = 8*v**2 + 12*v + 58. Is m(12) a composite number?
True
Let l(h) = 424*h**2 + 15*h - 55. Is l(-9) composite?
True
Suppose -3*o + 83 = 2. Suppose -9*z - 30 = -15*z. Let l = o - z. Is l a composite number?
True
Let d be (-1)/4 + 35/(-20). Is 1 - (d - 1651) - 3 a composite number?
True
Suppose 0 = 2*a + l - 21, -6*l = a - l - 6. Let d be 4/10*(a - -9). Let w(s) = s**3 + 2*s**2 - 8*s + 11. Is w(d) composite?
False
Suppose w = -2 + 3. Let r(x) = -x - 4 - w + 5 + x**2. Is r(-1) a composite number?
False
Let j = 26 - 24. Suppose 3*f - 318 = -2*a, j*f - a - 302 + 90 = 0. Is f composite?
True
Is 5 + 4413983/70 + 3/30 composite?
True
Let c(x) = -66*x**3 - 10*x**2 + 48*x - 34. Let v(i) = 22*i**3 + 3*i**2 - 16*i + 11. Let t(y) = 2*c(y) + 7*v(y). Is t(4) composite?
True
Let k be (-10)/(-4) - (-2)/4. Suppose -k*d = -4*d + 273. Suppose -4*q + 882 = -2*i - 282, -q + 5*i + d = 0. Is q prime?
True
Suppose 2*f = m - 0 - 1, 5*m + 40 = -5*f. Is 0*(f + -1)/12 - -97 a prime number?
True
Suppose 3730 = 2*s - 0*s. Let z(u) = 19*u**2 + 6*u - 5. Let p be z(-5). Suppose -5*c - 3*w + p + 1425 = 0, -5*c + 5*w = -s. Is c a prime number?
True
Let p(q) = 66*q**3 + 12*q**2 - 15*q + 20. Is p(11) a composite number?
False
Let m(i) = i**3 - 3*i + 18. Let x be m(0). Is (1/(-3))/(x/(-21762)) a composite number?
True
Let h be (-2)/(2/(-3)) + 0. Suppose -24*z - 12 = -28*z. Suppose 0 = 3*p - h, 5*a - 1731 = p + z*p. Is a a composite number?
False
Let u(x) be the first derivative of x**4/4 - 7*x**3/3 - 5*x**2 + 12*x + 8. Let t be u(8). Is (-3 - t)/(3/231) a prime number?
False
Let z(b) = 21*b**3 + 2*b**2 + 2*b - 2. Let v be z(1). Suppose -18*n = -v*n + 445. Is n a prime number?
True
Suppose 66 + 240 = 51*p. Let k = 7 + -4. Suppose 1336 - 3 = 3*i - y, 0 = k*y - p. Is i a composite number?
True
Is 274406/110 - (-2)/5 a prime number?
False
Let l = 40 - 37. Suppose l*o - 1661 = -98. Is o a composite number?
False
Suppose -g + 5*a + 5682 = 2*g, 4*a = -2*g + 3810. Suppose -r = -2*i + 573 + 189, -5*i + r = -g. Is i a composite number?
False
Let x be (-20618)/24*-2 - (-12)/(-72). Is x - (-2 - (-4 + 7)/(-1)) prime?
False
Suppose -197526 = -18*w + 4*w. Is w prime?
False
Let q(d) be the first derivative of 5*d**3 + 4*d**2 + 15*d - 21. Is q(8) a composite number?
False
Suppose -982 - 712 = 4*k - 2*o, -3*o - 1679 = 4*k. Is (k/(-6))/((10/15)/2) composite?
False
Let j(w) = 210*w**2 - 11*w - 82. Is j(-5) a composite number?
True
Let i(x) = 191*x**2 - 48*x - 346. Is i(-9) prime?
False
Let p = 65 - 70. Let v(i) = -834*i - 19. Is v(p) composite?
True
Suppose 0 = -6*f - 22*f + 92372. Is f a composite number?
False
Is 5315 + 6 + -3 + -1 a prime number?
False
Let f(p) = -p**3 + p**2 + 4*p + 21. Is f(-15) composite?
True
Let y(x) be the second derivative of 13*x**3/2 + 31*x**2/2 + 32*x. Is y(6) prime?
False
Suppose 0 = -6*b - 66 + 174. Suppose -4 - 1 = i, -z + i + b = 0. Is z prime?
True
Suppose -3*z + 122 = -1. Suppose 2*f - 21 = z. Is f prime